{"id":61,"date":"2024-07-21T18:05:09","date_gmt":"2024-07-21T16:05:09","guid":{"rendered":"https:\/\/demosites.io\/marketing-agency-gb\/?page_id=61"},"modified":"2024-08-26T09:19:22","modified_gmt":"2024-08-26T07:19:22","slug":"a-propos","status":"publish","type":"page","link":"https:\/\/numaas.fr\/index.php\/a-propos\/","title":{"rendered":"A propos de moi"},"content":{"rendered":"\n<div id=\"wp-block-themeisle-blocks-advanced-columns-2c60bc77\" class=\"wp-block-themeisle-blocks-advanced-columns alignfull has-1-columns has-desktop-equal-layout has-tablet-equal-layout has-mobile-collapsedRows-layout has-reverse-columns-mobile has-vertical-center ticss-c00aadba animated zoomIn slow\"><div class=\"wp-block-themeisle-blocks-advanced-columns-overlay\"><\/div><div class=\"innerblocks-wrap\">\n<div id=\"wp-block-themeisle-blocks-advanced-column-75b9263d\" class=\"wp-block-themeisle-blocks-advanced-column\">\n<div class=\"wp-block-media-text has-media-on-the-right is-stacked-on-mobile animated backInDown o-anim-hover\" style=\"grid-template-columns:auto 26%\"><div class=\"wp-block-media-text__content\">\n<h1 class=\"wp-block-heading has-nv-site-bg-color has-text-color has-link-color wp-elements-4ea72375b6cd99d08ced5e4483e83726\">A propos de moi<\/h1>\n<\/div><figure class=\"wp-block-media-text__media\"><img loading=\"lazy\" decoding=\"async\" width=\"428\" height=\"471\" src=\"http:\/\/numaas.fr\/wp-content\/uploads\/2024\/08\/LOGO-NOIR-SUR-BLANC-160x160px-PNG.png\" alt=\"\" class=\"wp-image-1427 size-full\" srcset=\"https:\/\/numaas.fr\/wp-content\/uploads\/2024\/08\/LOGO-NOIR-SUR-BLANC-160x160px-PNG.png 428w, https:\/\/numaas.fr\/wp-content\/uploads\/2024\/08\/LOGO-NOIR-SUR-BLANC-160x160px-PNG-273x300.png 273w\" sizes=\"auto, (max-width: 428px) 100vw, 428px\" \/><\/figure><\/div>\n\n\n\n<div class=\"wp-block-group\"><div class=\"wp-block-group__inner-container is-layout-flow wp-block-group-is-layout-flow\">\n<h2 class=\"wp-block-heading has-nv-site-bg-color has-text-color has-link-color wp-elements-ec7f7c381590cdfce208f64da16b5145\">Depuis 2019 : RSI &#8211; RSI Adjointe &#8211; Manager des syst\u00e8mes d&#8217;information<\/h2>\n<\/div><\/div>\n\n\n\n<div class=\"wp-block-group is-nowrap is-layout-flex wp-container-core-group-is-layout-ad2f72ca wp-block-group-is-layout-flex\">\n<div class=\"wp-block-columns is-layout-flex wp-container-core-columns-is-layout-9d6595d7 wp-block-columns-is-layout-flex\">\n<div class=\"wp-block-column is-layout-flow wp-block-column-is-layout-flow\" style=\"flex-basis:100%\">\n<div class=\"wp-block-columns is-layout-flex wp-container-core-columns-is-layout-9d6595d7 wp-block-columns-is-layout-flex\">\n<div class=\"wp-block-column is-layout-flow wp-block-column-is-layout-flow\" style=\"flex-basis:100%\">\n<div class=\"wp-block-columns is-layout-flex wp-container-core-columns-is-layout-9d6595d7 wp-block-columns-is-layout-flex\">\n<div class=\"wp-block-column is-layout-flow wp-block-column-is-layout-flow\" style=\"flex-basis:100%\"><div class=\"wp-block-image is-style-default wp-duotone-unset-1\">\n<figure class=\"aligncenter size-full has-custom-border\"><img loading=\"lazy\" decoding=\"async\" width=\"1293\" height=\"2048\" src=\"http:\/\/numaas.fr\/wp-content\/uploads\/2024\/07\/jdc-fond-transp-2.png\" alt=\"\" class=\"wp-image-1071\" style=\"border-style:none;border-width:0px;border-radius:0px\" srcset=\"https:\/\/numaas.fr\/wp-content\/uploads\/2024\/07\/jdc-fond-transp-2.png 1293w, https:\/\/numaas.fr\/wp-content\/uploads\/2024\/07\/jdc-fond-transp-2-189x300.png 189w, https:\/\/numaas.fr\/wp-content\/uploads\/2024\/07\/jdc-fond-transp-2-647x1024.png 647w, https:\/\/numaas.fr\/wp-content\/uploads\/2024\/07\/jdc-fond-transp-2-768x1216.png 768w, https:\/\/numaas.fr\/wp-content\/uploads\/2024\/07\/jdc-fond-transp-2-970x1536.png 970w\" sizes=\"auto, (max-width: 1293px) 100vw, 1293px\" \/><\/figure>\n<\/div><\/div>\n<\/div>\n<\/div>\n<\/div>\n<\/div>\n<\/div>\n\n\n\n<p class=\"has-nv-site-bg-color has-text-color has-link-color wp-elements-7e38d8d201b1158e5b83c59ad4801241\"><strong> Management \u00e9quipe complexe&nbsp;<\/strong>: &nbsp;recrutement, gestion des arriv\u00e9es et d\u00e9parts, gestion des internes et prestataires. De 12 \u00e0 20 personnes, multisite distant.<br><strong>Cr\u00e9ation d\u2019appel d\u2019offre<\/strong>&nbsp;: &nbsp;d\u00e9finition du besoin, \u00e9tude de faisabilit\u00e9, allotisation, macro planning, planification des co\u00fbts .<br><strong>Pilotage de la DSI&nbsp;<\/strong>: &nbsp;Cr\u00e9ation de roadmap, comitologie, impl\u00e9mentation de m\u00e9thodologies Agiles et des outils. &nbsp;Cr\u00e9ation d\u2019indicateurs de performance et de production&nbsp;: Suivi d\u2019activit\u00e9 et pr\u00e9visions, charge de travail. Pilotage MCO des outils et s\u00e9curit\u00e9.<br><strong>Suivi budg\u00e9taire&nbsp;:<\/strong> cr\u00e9ation budget pr\u00e9visionnel, suivi de consommation, contr\u00f4le facturation. et suivi fournisseurs.<br><strong>Am\u00e9lioration Continue&nbsp;:<\/strong>&nbsp;Cartographie des processus existants, \u00e9volution des processus, cr\u00e9ation de processus.<br><strong>Suivi r\u00e9glementaire et s\u00e9curitaire&nbsp;:<\/strong>&nbsp;Homologation, PSSIE, RGPD.<br><strong>Chefferie et suivi de projets :<\/strong>&nbsp;&nbsp; D\u00e9ploiement d\u2019appel d\u2019offre, du Num\u00e9rique, de solutions applicatives, \u00e9volution infrastructure, \u00e9volution syst\u00e8me.<br>Migration de solution d&#8217;acc\u00e8s logiques, d\u00e9ploiement de certificats, d&#8217;outil de gestion de parc, et d\u00e9commissionnement de datacenter.<br><strong>M\u00e9thodologies :<\/strong>&nbsp;Traditionnelles, Agile Scrum et SaFe.<\/p>\n<\/div>\n\n\n\n<h2 class=\"wp-block-heading has-nv-site-bg-color has-text-color has-link-color wp-elements-0377d1c58ebd5bcabeb8c25f2404f1a1\">2009 &#8211; 2019<strong> : Chef de projet \/ Administration syst\u00e8me et r\u00e9seau<\/strong><\/h2>\n\n\n\n<p class=\"has-nv-site-bg-color has-text-color has-link-color wp-elements-efe87c8373e079a78565ee5e9be2ef90\">Int\u00e9gration de logiciel dans le SI Hospitalier&nbsp;: GHT, Bloc op\u00e9ratoire, clinique et laboratoires ind\u00e9pendants. Documentation d\u2019installation et d\u2019exploitation. <br>Gestion des projets de d\u00e9ploiements&nbsp;: cartographie des sites d\u00e9ploy\u00e9s, statistiques, \u00e9tat des syst\u00e8mes, relances clients. R\u00e9ponse \u00e0 Appels d\u2019offres. <br>Projet&nbsp;&#8211; Mise en conformit\u00e9 RGPD de la soci\u00e9t\u00e9&nbsp;: cartographie des traitements, registre de traitement, s\u00e9curisation des traitements, \u00e9tude de la conformit\u00e9 des logiciels d\u2019h\u00e9movigilance, pharmacovigilance, identitovigilance. <br>Gestion de parc, installation et d\u00e9ploiement logiciels, gestion des utilisateurs, formation utilisateurs, architecture syst\u00e8me et r\u00e9seaux, support utilisateurs, relation fournisseur, veille technologique, plan de remplacement de postes.<\/p>\n\n\n\n<h2 class=\"wp-block-heading has-text-align-center has-nv-site-bg-color has-text-color has-link-color wp-elements-4fe64a850a6917fac07c12c4345b2688\"><strong>Formations<\/strong><\/h2>\n\n\n\n<div class=\"wp-block-columns is-layout-flex wp-container-core-columns-is-layout-9d6595d7 wp-block-columns-is-layout-flex\">\n<div class=\"wp-block-column is-layout-flow wp-block-column-is-layout-flow\"><div class=\"wp-block-image\">\n<figure class=\"aligncenter size-full\"><img loading=\"lazy\" decoding=\"async\" width=\"60\" height=\"60\" src=\"http:\/\/numaas.fr\/wp-content\/uploads\/2024\/07\/neve-marketing-icon-10.png\" alt=\"\" class=\"wp-image-936\"\/><\/figure>\n<\/div><\/div>\n\n\n\n<div class=\"wp-block-column is-layout-flow wp-block-column-is-layout-flow\"><div class=\"wp-block-image\">\n<figure class=\"aligncenter size-full\"><img loading=\"lazy\" decoding=\"async\" width=\"60\" height=\"60\" src=\"http:\/\/numaas.fr\/wp-content\/uploads\/2024\/07\/neve-marketing-icon-10.png\" alt=\"\" class=\"wp-image-936\"\/><\/figure>\n<\/div><\/div>\n\n\n\n<div class=\"wp-block-column is-layout-flow wp-block-column-is-layout-flow\"><div class=\"wp-block-image\">\n<figure class=\"aligncenter size-full\"><img loading=\"lazy\" decoding=\"async\" width=\"60\" height=\"60\" src=\"http:\/\/numaas.fr\/wp-content\/uploads\/2024\/07\/neve-marketing-icon-10.png\" alt=\"\" class=\"wp-image-936\"\/><\/figure>\n<\/div><\/div>\n<\/div>\n\n\n\n<div class=\"wp-block-columns is-layout-flex wp-container-core-columns-is-layout-9d6595d7 wp-block-columns-is-layout-flex\">\n<div class=\"wp-block-column has-nv-site-bg-color has-text-color has-link-color wp-elements-124957a598bdc06b60c8a8de18e2d43d is-layout-flow wp-block-column-is-layout-flow\">\n<p class=\"has-text-align-center\"><strong>Manager des Syst\u00e8mes d\u2019Information, sp\u00e9cialit\u00e9 S\u00e9curit\u00e9&nbsp;<\/strong><\/p>\n\n\n\n<p class=\"has-text-align-center\"><strong><span style=\"text-decoration: underline;\">Bac + 5<\/span><\/strong><br><\/p>\n<\/div>\n\n\n\n<div class=\"wp-block-column has-nv-site-bg-color has-text-color has-link-color wp-elements-7c689ee7515ed47ee46e5bb2e2586785 is-layout-flow wp-block-column-is-layout-flow\">\n<p class=\"has-text-align-center\"><strong>DUN Pilotage des Organisations et Processus M\u00e9tier&nbsp;&nbsp;<\/strong><\/p>\n\n\n\n<p class=\"has-text-align-center\"><strong><span style=\"text-decoration: underline;\">Bac + 5<\/span><br><\/strong><br><\/p>\n<\/div>\n\n\n\n<div class=\"wp-block-column has-nv-site-bg-color has-text-color has-link-color wp-elements-7ac67184abb6cdacdc687a5121be6d1d is-layout-flow wp-block-column-is-layout-flow\">\n<p class=\"has-text-align-center\"><strong>Responsable en Ing\u00e9nierie Syst\u00e8me et R\u00e9seaux&nbsp;<\/strong><\/p>\n\n\n\n<p class=\"has-text-align-center\"><strong><u>Bac + 4&nbsp;<\/u><\/strong><\/p>\n<\/div>\n<\/div>\n\n\n\n<div class=\"wp-block-columns is-layout-flex wp-container-core-columns-is-layout-9d6595d7 wp-block-columns-is-layout-flex\">\n<div class=\"wp-block-column has-nv-site-bg-color has-text-color has-link-color wp-elements-1ba8fad03ff9450d918701b1e65491c8 is-layout-flow wp-block-column-is-layout-flow\">\n<p>M\u00e9thodes et outils de gestion de projet Techniques et outils de la DSI 4.0 Pilotage de la s\u00e9curit\u00e9 Tableaux de bord de la DSI ITIL M\u00e9thodes Agiles L\u00e9gislation de la DSI Gouvernance informatique et strat\u00e9gie d&#8217;entreprise<\/p>\n\n\n\n<p><strong>Th\u00e8se professionnelle&nbsp;: Etre Traditionnel &amp; Agile&nbsp;: Mixit\u00e9 des m\u00e9thodes<\/strong><\/p>\n<\/div>\n\n\n\n<div class=\"wp-block-column has-nv-site-bg-color has-text-color has-link-color wp-elements-e9c558435e3e83daf4ad9ec13422287f is-layout-flow wp-block-column-is-layout-flow\">\n<p>Processus et gouvernance des syst\u00e8mes d\u2019information<br>Strat\u00e9gie et architecture d\u2019entreprise Urbanisation du Syst\u00e8me d\u2019Information Les exigences de s\u00e9curit\u00e9 sur l&#8217;information : RGDP et processus<\/p>\n\n\n\n<p><strong>M\u00e9moire&nbsp;: Introduction de la cartographie de processus dans la gestion de projet<\/strong><\/p>\n<\/div>\n\n\n\n<div class=\"wp-block-column has-nv-site-bg-color has-text-color has-link-color wp-elements-77025f06da96ddf41c63acb32f7ae6b3 is-layout-flow wp-block-column-is-layout-flow\">\n<p>Cloud Computing Projet collaboratif conception infrastructures syst\u00e8mes Administration avanc\u00e9e des r\u00e9seaux S\u00e9curit\u00e9 des infrastructures Supervision Management et droit social Gestion de projet et accompagnement du changement<br>Performance et budget<\/p>\n\n\n\n<p><strong>M\u00e9moire&nbsp;: Application du<\/strong><br><strong>R\u00e8glement G\u00e9n\u00e9ral pour la<\/strong><br><strong>Protection des Donn\u00e9es<\/strong><\/p>\n<\/div>\n<\/div>\n\n\n\n<p id=\"wp-block-themeisle-blocks-advanced-heading-40ecd43d\" class=\"wp-block-themeisle-blocks-advanced-heading wp-block-themeisle-blocks-advanced-heading-40ecd43d animated backInDown slow\"><br>Mon profil et mes comp\u00e9tences vous int\u00e9ressent ?  N&#8217;h\u00e9sitez pas \u00e0 me contacter pour  \u00e9voquer les solutions que je peux vous apporter.<\/p>\n\n\n\n<div class=\"wp-block-buttons is-content-justification-center is-layout-flex wp-container-core-buttons-is-layout-16018d1d wp-block-buttons-is-layout-flex\">\n<div class=\"wp-block-button is-style-primary\"><a class=\"wp-block-button__link wp-element-button\" href=\"https:\/\/numaas.fr\/index.php\/contact\/\">Contact<\/a><\/div>\n<\/div>\n<\/div>\n<\/div><\/div>\n\n\n\n<div class=\"wp-block-group alignfull has-background-color has-white-color has-black-background-color has-text-color has-background has-link-color wp-elements-c5d866999cc17824821540b496cc9b6c is-vertical is-content-justification-center is-layout-flex wp-container-core-group-is-layout-8adbaf51 wp-block-group-is-layout-flex\" style=\"min-height:40vh;margin-top:0;margin-bottom:0;padding-top:var(--wp--preset--spacing--60);padding-right:var(--wp--preset--spacing--40);padding-bottom:var(--wp--preset--spacing--60);padding-left:var(--wp--preset--spacing--40)\">\n<div class=\"wp-block-columns alignwide has-small-font-size is-layout-flex wp-container-core-columns-is-layout-9d6595d7 wp-block-columns-is-layout-flex\">\n<div class=\"wp-block-column is-layout-flow wp-block-column-is-layout-flow\">\n<p class=\"has-text-align-center has-nv-site-bg-color has-text-color has-link-color wp-elements-d7b3c10dd81cf35a87fe1076196ddb70\">NumaaS<\/p>\n\n\n\n<p class=\"has-text-align-center has-nv-site-bg-color has-text-color has-link-color wp-elements-957abe6491366ccf2e02365f429f5c96\">Le Forum<br>33 Boulevard du G\u00e9n\u00e9ral Leclerc<br>06240 Beausoleil<\/p>\n\n\n\n<div style=\"height:24px\" aria-hidden=\"true\" class=\"wp-block-spacer\"><\/div>\n<\/div>\n\n\n\n<div class=\"wp-block-column has-nv-site-bg-color has-text-color has-link-color wp-elements-2d33abd1cee0032be9017516ea4cf5bb is-layout-flow wp-block-column-is-layout-flow\">\n<p class=\"has-text-align-center\">Pages<\/p>\n\n\n<nav class=\"has-small-font-size items-justified-center is-vertical no-wrap wp-block-navigation is-content-justification-center is-nowrap is-layout-flex wp-container-core-navigation-is-layout-685400d0 wp-block-navigation-is-layout-flex\" aria-label=\"marketing-agency-main-menu\"><ul class=\"wp-block-navigation__container has-small-font-size items-justified-center is-vertical no-wrap wp-block-navigation has-small-font-size\"><li class=\"has-small-font-size wp-block-navigation-item  menu-item menu-item-type-post_type menu-item-object-page menu-item-home wp-block-navigation-link\"><a class=\"wp-block-navigation-item__content\"  href=\"https:\/\/numaas.fr\/\" title=\"\"><span class=\"wp-block-navigation-item__label\">Home<\/span><\/a><\/li><li class=\"has-small-font-size wp-block-navigation-item wp-block-navigation-link\"><a class=\"wp-block-navigation-item__content\"  href=\"https:\/\/numaas.fr\/index.php\/a-propos\/\"><span class=\"wp-block-navigation-item__label\">A propos de moi<\/span><\/a><\/li><li class=\"has-small-font-size wp-block-navigation-item wp-block-navigation-link\"><a class=\"wp-block-navigation-item__content\"  href=\"https:\/\/numaas.fr\/index.php\/catalogue-de-service\/\"><span class=\"wp-block-navigation-item__label\">Catalogue de services<\/span><\/a><\/li><li class=\"has-small-font-size wp-block-navigation-item wp-block-navigation-link\"><a class=\"wp-block-navigation-item__content\"  href=\"https:\/\/numaas.fr\/index.php\/dsi\/\"><span class=\"wp-block-navigation-item__label\">DSI Partag\u00e9<\/span><\/a><\/li><li class=\"has-small-font-size wp-block-navigation-item wp-block-navigation-link\"><a class=\"wp-block-navigation-item__content\"  href=\"https:\/\/numaas.fr\/index.php\/assistance\/\"><span class=\"wp-block-navigation-item__label\">Assistance au Pilotage de la DSI<\/span><\/a><\/li><li class=\"has-small-font-size wp-block-navigation-item wp-block-navigation-link\"><a class=\"wp-block-navigation-item__content\"  href=\"https:\/\/numaas.fr\/index.php\/pmo\/\"><span class=\"wp-block-navigation-item__label\">PMO<\/span><\/a><\/li><li class=\"has-small-font-size wp-block-navigation-item wp-block-navigation-link\"><a class=\"wp-block-navigation-item__content\"  href=\"https:\/\/numaas.fr\/index.php\/chefferie-de-projet\/\"><span class=\"wp-block-navigation-item__label\">Chefferie de projet<\/span><\/a><\/li><li class=\"has-small-font-size wp-block-navigation-item wp-block-navigation-link\"><a class=\"wp-block-navigation-item__content\"  href=\"https:\/\/numaas.fr\/index.php\/etudes-et-remediations\/\"><span class=\"wp-block-navigation-item__label\">Etudes et rem\u00e9diations<\/span><\/a><\/li><li class=\"has-small-font-size wp-block-navigation-item wp-block-navigation-link\"><a class=\"wp-block-navigation-item__content\"  href=\"https:\/\/numaas.fr\/index.php\/offres\/\"><span class=\"wp-block-navigation-item__label\">Offres<\/span><\/a><\/li><\/ul><ul class=\"wp-block-navigation__container has-small-font-size items-justified-center is-vertical no-wrap wp-block-navigation has-small-font-size\"><li class=\"has-small-font-size wp-block-navigation-item wp-block-navigation-link\"><a class=\"wp-block-navigation-item__content\"  href=\"https:\/\/numaas.fr\/index.php\/contact\/\"><span class=\"wp-block-navigation-item__label\">Contact<\/span><\/a><\/li><li class=\"has-small-font-size wp-block-navigation-item wp-block-navigation-link\"><a class=\"wp-block-navigation-item__content\"  href=\"https:\/\/numaas.fr\/index.php\/mentions-legales\/\"><span class=\"wp-block-navigation-item__label\">Mentions l\u00e9gales<\/span><\/a><\/li><li class=\"has-small-font-size wp-block-navigation-item wp-block-navigation-link\"><a class=\"wp-block-navigation-item__content\"  href=\"https:\/\/numaas.fr\/index.php\/politique-de-confidentialite\/\"><span class=\"wp-block-navigation-item__label\">Politique de confidentialit\u00e9<\/span><\/a><\/li><\/ul><\/nav>\n\n\n<div style=\"height:24px\" aria-hidden=\"true\" class=\"wp-block-spacer\"><\/div>\n<\/div>\n\n\n\n<div class=\"wp-block-column has-nv-site-bg-color has-text-color has-link-color wp-elements-1c1c827f44cac58f2a12ea2bd3a96ef8 is-layout-flow wp-block-column-is-layout-flow\">\n<p class=\"has-text-align-center\">Contact<\/p>\n\n\n\n<div class=\"wp-block-group is-vertical is-content-justification-center is-layout-flex wp-container-core-group-is-layout-bdd043ae wp-block-group-is-layout-flex\">\n<p><a href=\"http:\/\/www.linkedin.com\/in\/jessica-daunois-calon-412020151\">LinkedIn<\/a><\/p>\n\n\n\n<p><a href=\"https:\/\/numaas.fr\/index.php\/contact\/\">Contact<\/a><\/p>\n<\/div>\n\n\n\n<div style=\"height:24px\" aria-hidden=\"true\" class=\"wp-block-spacer\"><\/div>\n<\/div>\n<\/div>\n\n\n\n<div class=\"wp-block-group alignwide is-content-justification-center is-layout-flex wp-container-core-group-is-layout-5590e8cb wp-block-group-is-layout-flex\"><\/div>\n<\/div>\n","protected":false},"excerpt":{"rendered":"<p>NumaaS Le Forum33 Boulevard du G\u00e9n\u00e9ral Leclerc06240 Beausoleil Pages Contact LinkedIn Contact<\/p>\n","protected":false},"author":2,"featured_media":0,"parent":0,"menu_order":0,"comment_status":"closed","ping_status":"closed","template":"","meta":{"neve_meta_sidebar":"","neve_meta_container":"","neve_meta_enable_content_width":"on","neve_meta_content_width":100,"neve_meta_title_alignment":"left","neve_meta_author_avatar":"","neve_post_elements_order":"","neve_meta_disable_header":"","neve_meta_disable_footer":"on","neve_meta_disable_title":"on","_themeisle_gutenberg_block_has_review":false,"footnotes":""},"class_list":["post-61","page","type-page","status-publish","hentry"],"_links":{"self":[{"href":"https:\/\/numaas.fr\/index.php\/wp-json\/wp\/v2\/pages\/61","targetHints":{"allow":["GET"]}}],"collection":[{"href":"https:\/\/numaas.fr\/index.php\/wp-json\/wp\/v2\/pages"}],"about":[{"href":"https:\/\/numaas.fr\/index.php\/wp-json\/wp\/v2\/types\/page"}],"author":[{"embeddable":true,"href":"https:\/\/numaas.fr\/index.php\/wp-json\/wp\/v2\/users\/2"}],"replies":[{"embeddable":true,"href":"https:\/\/numaas.fr\/index.php\/wp-json\/wp\/v2\/comments?post=61"}],"version-history":[{"count":72,"href":"https:\/\/numaas.fr\/index.php\/wp-json\/wp\/v2\/pages\/61\/revisions"}],"predecessor-version":[{"id":1640,"href":"https:\/\/numaas.fr\/index.php\/wp-json\/wp\/v2\/pages\/61\/revisions\/1640"}],"wp:attachment":[{"href":"https:\/\/numaas.fr\/index.php\/wp-json\/wp\/v2\/media?parent=61"}],"curies":[{"name":"wp","href":"https:\/\/api.w.org\/{rel}","templated":true}]}}